s 16 a factor of 56064?
True
Is 4896 a multiple of 51?
True
Is 79 a factor of 69533?
False
Does 89 divide 16410?
False
Does 5 divide 795?
True
Is 34 a multiple of 2?
True
Is 6072 a multiple of 23?
True
Does 17 divide 3354?
False
Is 9 a factor of 1895?
False
Does 13 divide 3571?
False
Does 38 divide 364?
False
Is 2876 a multiple of 5?
False
Is 1435 a multiple of 29?
False
Is 169 a multiple of 16?
False
Is 7 a factor of 2971?
False
Is 5876 a multiple of 56?
False
Is 30 a factor of 8647?
False
Is 18 a factor of 38676?
False
Is 101 a factor of 9393?
True
Is 651 a multiple of 44?
False
Is 304 a multiple of 19?
True
Is 42018 a multiple of 298?
True
Is 2209 a multiple of 18?
False
Is 30775 a multiple of 113?
False
Does 5 divide 300?
True
Is 6 a factor of 24?
True
Is 17 a factor of 1020?
True
Is 792 a multiple of 8?
True
Is 28 a factor of 756?
True
Does 4 divide 72?
True
Is 2672 a multiple of 61?
False
Does 74 divide 1110?
True
Does 8 divide 60?
False
Does 30 divide 690?
True
Is 19 a factor of 57?
True
Is 32 a factor of 96?
True
Is 11 a factor of 1136?
False
Is 18 a factor of 33894?
True
Is 20 a factor of 30?
False
Does 72 divide 1850?
False
Does 6 divide 102?
True
Is 474 a multiple of 3?
True
Is 5 a factor of 3107?
False
Does 60 divide 22910?
False
Is 10 a factor of 52746?
False
Is 37 a factor of 414?
False
Is 2532 a multiple of 6?
True
Does 14 divide 1590?
False
Is 397 a multiple of 13?
False
Is 1512 a multiple of 6?
True
Is 1258 a multiple of 12?
False
Does 5 divide 559?
False
Does 54 divide 1382?
False
Is 41 a factor of 20664?
True
Is 3276 a multiple of 21?
True
Is 44 a factor of 265?
False
Is 16425 a multiple of 73?
True
Is 1592 a multiple of 25?
False
Is 19 a factor of 47706?
False
Is 416 a multiple of 26?
True
Is 31049 a multiple of 61?
True
Is 195 a multiple of 13?
True
Does 94 divide 4042?
True
Is 15272 a multiple of 29?
False
Is 17081 a multiple of 12?
False
Is 15 a factor of 19919?
False
Is 45530 a multiple of 58?
True
Does 50 divide 19750?
True
Does 14 divide 478?
False
Does 25 divide 38430?
False
Is 115 a multiple of 10?
False
Is 37 a factor of 5427?
False
Does 29 divide 22054?
False
Does 27 divide 1819?
False
Is 61910 a multiple of 51?
False
Is 37 a factor of 185?
True
Does 25 divide 476?
False
Is 10 a factor of 2054?
False
Is 31 a factor of 2573?
True
Is 168 a factor of 43508?
False
Is 483 a multiple of 4?
False
Is 658 a multiple of 14?
True
Is 22 a factor of 20807?
False
Is 8 a factor of 1840?
True
Does 9 divide 16?
False
Is 4912 a multiple of 23?
False
Is 22 a factor of 2508?
True
Does 55 divide 825?
True
Does 9 divide 1014?
False
Is 13 a factor of 65?
True
Is 525 a multiple of 21?
True
Is 56 a factor of 26880?
True
Is 19 a factor of 323?
True
Is 77 a factor of 37420?
False
Is 950 a multiple of 19?
True
Is 22 a factor of 572?
True
Does 15 divide 5177?
False
Is 134 a factor of 17899?
False
Does 13 divide 2145?
True
Is 14 a factor of 9646?
True
Is 5396 a multiple of 162?
False
Is 42 a factor of 630?
True
Does 136 divide 9112?
True
Is 51 a factor of 231?
False
Is 2009 a multiple of 103?
False
Is 1100 a multiple of 25?
True
Is 107 a factor of 2351?
False
Is 21 a factor of 10626?
True
Does 10 divide 492?
False
Does 166 divide 664?
True
Is 11 a factor of 94?
False
Is 14 a factor of 1284?
False
Does 283 divide 56317?
True
Does 85 divide 4930?
True
Does 56 divide 3655?
False
Is 24308 a multiple of 34?
False
Is 56494 a multiple of 151?
False
Is 3 a factor of 409?
False
Does 32 divide 1568?
True
Is 96 a multiple of 27?
False
Is 1365 a multiple of 92?
False
Is 13 a factor of 45032?
True
Does 25 divide 5423?
False
Does 19 divide 577?
False
Does 38 divide 456?
True
Does 13 divide 1111?
False
Is 1165 a multiple of 10?
False
Is 1204 a multiple of 14?
True
Is 73 a factor of 741?
False
Is 51 a factor of 7086?
False
Does 105 divide 5632?
False
Is 3562 a multiple of 26?
True
Does 10 divide 1495?
False
Is 15 a factor of 228?
False
Is 98267 a multiple of 24?
False
Does 14 divide 3178?
True
Is 19 a factor of 1692?
False
Is 27 a factor of 5938?
False
Does 6 divide 476?
False
Does 11 divide 88?
True
Does 51 divide 10506?
True
Is 60 a factor of 12060?
True
Is 486 a multiple of 34?
False
Does 50 divide 850?
True
Is 1086 a multiple of 6?
True
Does 11 divide 4269?
False
Is 93 a factor of 5309?
False
Is 755 a multiple of 151?
True
Is 137 a factor of 7284?
False
Is 15 a factor of 19125?
True
Does 106 divide 35298?
True
Is 3 even?
False
Does 2 divide 14830?
True
Is 74 a factor of 24700?
False
Is 961 a multiple of 10?
False
Is 25799 a multiple of 93?
False
Is 12139 a multiple of 67?
False
Is 13359 a multiple of 8?
False
Is 3226 a multiple of 13?
False
Does 11 divide 255?
False
Does 102 divide 8389?
False
Does 4 divide 2531?
False
Does 62 divide 715?
False
Is 294 a factor of 52920?
True
Is 13391 a multiple of 13?
False
Does 73 divide 2190?
True
Is 9 a factor of 1419?
False
Does 51 divide 1117?
False
Is 45286 a multiple of 27?
False
Does 13 divide 2104?
False
Does 14 divide 1738?
False
Is 77 a multiple of 77?
True
Is 6643 a multiple of 22?
False
Is 6 a factor of 487?
False
Is 43 a factor of 55099?
False
Does 24 divide 456?
True
Does 21 divide 3236?
False
Is 1938 a multiple of 102?
True
Is 658 a multiple of 10?
False
Is 40 a factor of 1960?
True
Is 2772 a multiple of 6?
True
Does 17 divide 14178?
True
Does 115 divide 6440?
True
Is 152 a factor of 5472?
True
Does 2 divide 801?
False
Does 229 divide 41449?
True
Does 12 divide 2608?
False
Does 5 divide 382?
False
Is 1453 a multiple of 33?
False
Does 17 divide 119?
True
Is 43 a factor of 688?
True
Is 239 a multiple of 42?
False
Does 9 divide 891?
True
Is 45 a factor of 2655?
True
Is 11 a factor of 198?
True
Does 9 divide 252?
True
Is 4 a factor of 8?
True
Is 114 a factor of 6765?
False
Does 9 divide 2745?
True
Is 10 a factor of 1703?
False
Does 8 divide 14264?
True
Is 16422 a multiple of 18?
False
Is 60 a factor of 12120?
True
Is 37 a factor of 20535?
True
Does 62 divide 1922?
True
Does 13 divide 65?
True
Is 7 a factor of 784?
True
Does 16 divide 109208?
False
Is 12000 a multiple of 15?
True
Is 382 a multiple of 20?
False
Is 26 a factor of 520?
True
Is 112 a multiple of 3?
False
Is 672 a multiple of 84?
True
Does 45 divide 7927?
False
Is 13 a factor of 117?
True
Does 42 divide 798?
True
Does 11 divide 79?
False
Is 7 a factor of 8128?
False
Does 48 divide 21600?
True
Does 46 divide 16316?
False
Is 29 a factor of 2871?
True
Is 300 a multiple of 4?
True
Is 532 a multiple of 25?
False
Is 2062 a multiple of 35?
False
Is 1119 a multiple of 95?
False
Is 40 a factor of 8793?
False
Is 6994 a multiple of 33?
False
Is 5 a factor of 1226?
False
Does 16 divide 623?
False
Is 528 a multiple of 8?
True
Is 1714 a multiple of 20?
False
Is 22 a factor of 1650?
True
Does 82 divide 1394?
True
Is 115 a factor of 296?
False
Is 16 a factor of 533?
False
Is 3 a factor of 3185?
False
Is 49 a factor of 15778?
True
Is 12354 a multiple of 29?
True
Is 44 a factor of 4356?
True
Is 355 a multiple of 28?
False
Is 1475 a multiple of 3?
False
Is 3624 a multiple of 8?
True
Is 2 a factor of 19062?
True
Is 47021 a multiple of 46?
False
Is 82 a factor of 1722?
True
Is 21 a factor of 1050?
True
Is 161 a factor of 22000?
False
Does 68 divide 906?
False
Is 1646 a multiple of 31?
False
Does 26 divide 1082?
False
Does 89 divide 8010?
True
Is 10 a factor of 2839?
False
Does 46 divide 5967?
False
Does 177 divide 23541?
True
Is 170 a multiple of 3?
False
Is 128 a factor of 2560?
True
Is 1713 a multiple of 9?
False
Does 4 divide 224?
True
Does 7 divide 2520?
True
Is 69 a factor of 23736?
True
Does 6 divide 1360?
False
Is 4939 a multiple of 27?
False
Does 5 divide 1350?
True
Is 4 a factor of 60?
True
Is 9850 a multiple of 5?
True
Is 598 a multiple of 17?
False
Does 4 divide 629?
False
Does 9 divide 234?
True
Does 28 divide 4424?
True
Is 15 a factor of 33630?
True
Is 8 a factor of 162?
False
Is 832 a multiple of 8?
True
Is 58 a factor of 31494?
True
Is 7 a factor of 5811?
False
Is 67 a factor of 9988?
False
Is 694 a multiple of 80?
False
Is 57 a factor of 570?
True
Is 899 a multiple of 6?
False
Is 29 a factor of 13311?
True
Does 138 divide 3124?
False
Is 6900 a multiple of 10?
True
Is 3216 a multiple of 48?
True
Is 154 a factor of 462?
True
Is 11 a factor of 15136?
T